 Let j(z) = -z**2 - 18*z - 3. Let d be j(b). Suppose -3*t + 9 = -f - 51, 5*f + d = 2*t. List the prime factors of t.
19
Let o(y) = -1 + 11 + 0 + 9*y - y**2. What are the prime factors of o(7)?
2, 3
Suppose 2*u - 5*m = -21, -3*u + m + 1 = -0*m. Suppose -u*y + 27 = -y. List the prime factors of y.
3
Let h be (-126)/(-5) + 7/(-35). What are the prime factors of (-60)/h*10/(-4)?
2, 3
Suppose 7 = p - 3*x - 5, p - 42 = -3*x. What are the prime factors of p - (-5 - 2/(-1))?
2, 3, 5
Suppose -5*j + 35 = 5*r, 4*j - j = -r + 3. What are the prime factors of r?
3
Let r = 2 + 1. Suppose -60 = -5*s - r*i, 4*s - 21 = -2*i + 5*i. What are the prime factors of s?
3
Let s be (8/(-10))/(10/(-25)). Suppose -v = 2*b + s*v - 22, 11 = b + v. What are the prime factors of b?
11
Let q(v) = -v**2 + 8*v - 3. Let z be q(5). Suppose -18 = -5*h + z. Suppose 1 - h = -g. List the prime factors of g.
5
Suppose -5*c + 2 + 8 = 0. Suppose -100 = -2*i - c*i. What are the prime factors of i?
5
Let u = -4 + 6. Suppose -156 = -l - u*l. Suppose 5*p - l = p. List the prime factors of p.
13
Let g be 20/(-8) + 1/(-2). Let o(w) be the third derivative of -w**6/120 - w**5/60 + w**4/8 - w**3/2 - 4*w**2. List the prime factors of o(g).
2, 3
Let p = -49 + 101. List the prime factors of p.
2, 13
Suppose -843 = 16*x - 19*x. List the prime factors of x.
281
Suppose -276 = -8*b + 1164. List the prime factors of b.
2, 3, 5
Suppose -2*k = -158 - 360. List the prime factors of k.
7, 37
Let d = -7 + 10. Suppose -4*f = v - 120, -7*f = -d*f - 2*v - 108. List the prime factors of f.
29
Let h = 203 - 142. List the prime factors of h.
61
Let o(s) = 3*s**2 - 2*s - 1. Let c be o(-1). Let q(x) = -x**3 + 4*x**2 + 2*x - 1. What are the prime factors of q(c)?
7
Suppose 42 = g + 9. Suppose 0 = -5*x + 2*x + g. What are the prime factors of x?
11
Suppose 4*h - 10 = 10. Let s(f) = -f**2 + 3*f + 7. Let i be s(h). Let a(m) = -4*m + 1. What are the prime factors of a(i)?
13
What are the prime factors of 4/(-5)*95/(-2)?
2, 19
What are the prime factors of 70 + (-1 + 0 - -1)?
2, 5, 7
Let f be (2 - 3 - -4) + -1. Suppose -3*u - f*u = -20. List the prime factors of u.
2
Suppose -2*a = -a - 1. List the prime factors of (a + 1/(-2))*4.
2
Let z be 1/((2/10)/1). What are the prime factors of (-60)/(-9)*6/z?
2
Let s = 4 - 0. Let f = 7 - s. Suppose 0 = -0*a + f*a - 18. What are the prime factors of a?
2, 3
Let u(x) = -x**2 + 8*x + 14. Let n be u(6). List the prime factors of (n/(-65))/(2/(-170)).
2, 17
Let p(m) = -4*m - 2. Let a be p(-2). Suppose 0 = -2*f + 4*n + a, -f + n + 5 = 1. List the prime factors of f.
5
Suppose -1400 = -5*m - 0*r + 2*r, 0 = -5*m + r + 1395. What are the prime factors of m?
2, 139
Let g = 14 - 10. List the prime factors of (g/(-6))/(4/(-54)).
3
Let q(v) = v**3 + 8*v**2 - 10*v + 7. Suppose -i = -4*a - 6*i - 21, -3*i = 4*a + 27. What are the prime factors of q(a)?
2
Let k(i) = 7*i - 1. Suppose -2*h - 4 = p + 5, p - h - 3 = 0. Let z be ((-3)/6)/(p/2). List the prime factors of k(z).
2, 3
Let b = -2 + 3. Let f(k) = -k**2 + 19*k + 21. Let v be f(20). Let h = v + b. List the prime factors of h.
2
Suppose -t + 0*t + 37 = 0. Suppose 3*p - 3*h = p + t, 2*p - 2*h - 32 = 0. List the prime factors of p.
11
Let v = 381 - 239. What are the prime factors of v?
2, 71
Suppose -2 = 2*b - 4. Suppose -2*a = -2*r - 12, 3*r = -3*a - a + 24. What are the prime factors of (a/4 + b)*2?
5
Suppose -2 = 4*l - 6. Let q = 7 + l. What are the prime factors of q?
2
Suppose -2*y = 3*y + 600. What are the prime factors of (8/(-10))/(16/y)?
2, 3
Let v(i) = 0*i - 1 + 11 + 2*i - i. What are the prime factors of v(11)?
3, 7
Let d = 17 - -25. Suppose 3*c = -0*c + d. List the prime factors of c.
2, 7
Let l be 1 + (-4)/(12/(-39)). Let s = l - -1. List the prime factors of s.
3, 5
Let y(h) be the first derivative of -5*h**2/2 - 3*h + 4. What are the prime factors of y(-4)?
17
Suppose -8*w + 7 = -7*w. List the prime factors of w.
7
Let f = -10 + 6. Let m be -2*(-2 - 6/f). Suppose 3*r = 29 + m. What are the prime factors of r?
2, 5
Suppose 4 - 1 = 3*i, -5*i + 3 = -j. Suppose 54 = 2*l + 4*z, -l + z = j*z - 25. Suppose -3*s = -10 - l. What are the prime factors of s?
11
Let n = -187 - -191. What are the prime factors of n?
2
Suppose 0 = 5*x - 0*x. Suppose x*s - 48 = -4*s. List the prime factors of s.
2, 3
Suppose -7 = -5*b + 2*h + 30, -3*b - 5*h + 16 = 0. What are the prime factors of b?
7
Let t(z) = -z**2 + z + 4. Let f be t(2). Suppose -14 = -f*i + 12. List the prime factors of i.
13
Let p(t) = -3*t - 4. Let q(w) = -w**3 + 9*w**2 - w + 5. Let o be q(9). What are the prime factors of p(o)?
2
Let w(h) = 19*h + 7. Let k be w(5). What are the prime factors of 5/15*k/2?
17
Suppose 572 = -5*r - 4*f, 3*r + 352 = -0*f + 2*f. Let o be r/(-6) - (-2)/(-6). Suppose 4*y + o - 59 = 0. What are the prime factors of y?
2, 5
List the prime factors of -128*(1 + -2)*1.
2
Let f(q) = q**2 - 5*q + 6. Suppose -2*t - 17 - 9 = -5*l, -15 = -3*l + t. What are the prime factors of f(l)?
2
Suppose 0 = s - 5*s + 28. Suppose 2*y = -n + s, 0*n = 5*y - n - 28. What are the prime factors of y?
5
Let b(u) = u**3 - u**2 + u + 4. Let a be b(0). Suppose 0 = 2*s + m + m - a, 2 = -5*s + m. List the prime factors of 12 + (-3)/(-3) + s.
13
Let c(r) = -2*r**2 + 9*r - 6. Let o be c(6). Let j be 8/2*(-13)/4. Let k = j - o. What are the prime factors of k?
11
Suppose -2*r + 4*r = 4. Let h = r + 2. List the prime factors of h.
2
Suppose -5*i - 5*o - 30 = -140, -2*o - 64 = -2*i. What are the prime factors of i?
3
Suppose 5*z = 3*f - 21, -5*f + 2*z + 2*z + 22 = 0. Suppose f*c - 46 = 28. List the prime factors of c.
37
Suppose -3*b = -2*b - 62. What are the prime factors of b?
2, 31
Let w be (-2 - (0 + -1)) + 1. Suppose w = -3*s + 5*s. Suppose -3*a + 3*t + 3 = s, 5*t - 39 + 4 = -5*a. What are the prime factors of a?
2
Let g be (-9)/(-3)*5/3. Suppose 21 = -h + f, g*f - 32 = 3*h + 33. Let l = h - -29. What are the prime factors of l?
3
Suppose 2*v - r = 123, -v + 2*r - 5 = -68. Suppose -3*b = -14 - v. List the prime factors of b.
5
Let r(l) = 4*l**2 + 3*l. Let w be r(-3). Suppose 0 = 3*m + 3, -5*m - 26 = -3*z + w. List the prime factors of z.
2
Let f = -5 + 3. Let h be ((-3)/f)/((-15)/(-40)). Suppose 14 = 2*s - h. List the prime factors of s.
3
Let o = 120 + -2. List the prime factors of o.
2, 59
Let u(j) = 27*j**3 + 2*j**2 - 2*j + 1. Let g be u(1). Suppose g = -4*t + 84. What are the prime factors of t?
2, 7
Let k(r) = -12*r - 7. Suppose 0 = -2*u - 4 - 8. Let l be k(u). Suppose 5*y = -25, -2*y - l = -5*j + y. List the prime factors of j.
2, 5
Let q = 29 - -78. What are the prime factors of q?
107
Suppose 2*t = 9 + 3. Suppose 0 = y - t*y + 20. What are the prime factors of y?
2
Let z(r) = 34*r**2. List the prime factors of z(-1).
2, 17
Let z be (8/(-3))/(2/(-6)). Let m = -4 + z. List the prime factors of 1/m + (-94)/(-8).
2, 3
Let m be 45/(-6)*(2 - 0). Let o = 0 - m. What are the prime factors of o?
3, 5
Suppose 0 = -o - 2*h + 4 + 4, -20 = 5*o - 2*h. Let a = o - -7. Let b = a + 6. What are the prime factors of b?
11
Let a = 108 + -53. What are the prime factors of a?
5, 11
Let m = 1140 + -642. What are the prime factors of 14/(-91) - m/(-26)?
19
Let d = -103 - -316. What are the prime factors of d?
3, 71
Suppose -3*d - 5*f = -16, -2*f = -d - 0*f - 2. Suppose 0 = -4*x + 2*p + 50, -25 = -d*x - 3*p + 12. List the prime factors of x.
2, 7
Let c(q) = 10*q**2 + 9*q + 14. List the prime factors of c(-5).
3, 73
Let x be (-33)/(-6)*4/1. List the prime factors of (-2)/(4/x*-1).
11
Let k = 13 + -10. Suppose -31 = -z - 5*x + 24, -k*z - 3*x = -105. What are the prime factors of z?
2, 3, 5
Suppose 107 = 4*t - 2*t + x, -x = -5*t + 278. Suppose -5*c + 4*o + 106 = -38, -o + t = 2*c. What are the prime factors of ((-12)/7)/((-4)/c)?
2, 3
Let x = 4 - 5. Let o be 1*x/(1/2). What are the prime factors of o/2*12*-1?
2, 3
Let i(m) = 10*m - 2. Let w be i(-3). What are the prime factors of -3*(1 - w/(-12))?
5
Suppose 2*m + 3 - 11 = 0. Suppose -m*d + 28 = -4*r, -5*r = 3*d - 30 + 9. What are the prime factors of d?
7
What are the prime factors of 42 - (10/(-5) + -1)?
3, 5
Let a(g) = g**3 - 6*g**2 - 4*g + 5. Let f = -4 + 11. Let q be a(f). Let l = q + -15. What are the prime factors of l?
11
Let x = 255 + -155. List the